8?
True
Is 9195 a factor of 2925689086?
False
Does 154 divide 56435909?
False
Does 585 divide 6994083?
False
Is 94 a factor of 2643186?
True
Is 394 a factor of 8881154?
True
Is 119285705 a multiple of 95?
True
Is 275005093 a multiple of 19?
False
Does 43 divide 10777262?
True
Is 86 a factor of 8980512?
False
Is 663991468 a multiple of 852?
False
Does 215 divide 1362818350?
True
Is 192 a factor of 9810851?
False
Does 21 divide 2112399429?
True
Does 259 divide 29718272?
False
Is 1303 a factor of 30191813?
True
Does 278 divide 95660078?
True
Is 16364366 a multiple of 214?
True
Is 44347632 a multiple of 1068?
True
Is 4839310 a multiple of 269?
True
Is 284586558 a multiple of 3?
True
Is 67533990 a multiple of 827?
False
Does 36 divide 8046943?
False
Does 295 divide 78441073?
False
Does 513 divide 82335987?
True
Is 191844 a multiple of 657?
True
Is 199 a factor of 32534933?
False
Is 6203546 a multiple of 55?
False
Does 666 divide 337280239?
False
Is 368 a factor of 7300752?
True
Does 1481 divide 7656532?
False
Does 251 divide 9318626?
True
Is 156958995 a multiple of 5?
True
Is 1874226815 a multiple of 1786?
False
Is 15 a factor of 2710050?
True
Does 237 divide 36678120?
True
Is 92 a factor of 20479729?
False
Is 26753181 a multiple of 273?
True
Is 128 a factor of 221908529?
False
Is 3338 a factor of 168722548?
True
Does 54 divide 1940216220?
True
Does 5 divide 388464905?
True
Does 74 divide 70586528?
True
Does 22 divide 4909806?
True
Does 7866 divide 1753505823?
False
Does 516 divide 3453646034?
False
Is 532 a factor of 938632072?
True
Does 1997 divide 7324996?
True
Is 2 a factor of 328187367?
False
Is 33442347 a multiple of 1181?
False
Is 31266060 a multiple of 348?
True
Is 218161524 a multiple of 6531?
True
Is 2155166985 a multiple of 19?
False
Is 1434 a factor of 5791611?
False
Is 1195264 a multiple of 21?
False
Is 372210104 a multiple of 712?
True
Is 659247622 a multiple of 2047?
False
Does 6034 divide 98150795?
False
Is 1293918052 a multiple of 124?
True
Is 20674632 a multiple of 88?
True
Does 26 divide 1220237460?
True
Is 233543745 a multiple of 103?
True
Is 689 a factor of 51528122?
False
Does 58 divide 33350?
True
Is 11 a factor of 805538060?
False
Is 16624575 a multiple of 5?
True
Does 2639 divide 27852006?
True
Is 19 a factor of 210550140?
False
Is 1522 a factor of 325946954?
True
Does 10744 divide 3204654433?
False
Does 111 divide 34356942?
True
Is 3227 a factor of 98281512?
True
Is 420406065 a multiple of 17?
False
Is 2874149 a multiple of 6?
False
Does 1117 divide 11206283?
False
Does 15 divide 577151295?
True
Is 2 a factor of 633425614?
True
Is 69009483 a multiple of 439?
True
Does 42 divide 762462242?
False
Is 334010232 a multiple of 184?
True
Does 662 divide 11583291?
False
Does 11 divide 1589343580?
True
Does 2582 divide 1894380470?
False
Does 851 divide 1050192800?
False
Is 973218 a multiple of 2?
True
Does 952 divide 75467896?
True
Is 41 a factor of 45995345?
False
Is 354509190 a multiple of 630?
True
Is 12215548 a multiple of 14?
False
Is 149403437 a multiple of 1157?
False
Does 13 divide 53942653?
False
Is 71 a factor of 1808808?
False
Is 205 a factor of 30456102?
False
Does 3575 divide 3702572507?
False
Is 185594518 a multiple of 109?
True
Is 5371 a factor of 1711441668?
False
Is 23 a factor of 73755733?
True
Does 13 divide 3800141?
False
Does 5 divide 31025385?
True
Is 80165424 a multiple of 2832?
True
Does 273 divide 1497171?
False
Is 129847718 a multiple of 869?
True
Does 426 divide 171205212?
False
Does 1370 divide 73113712?
False
Is 24 a factor of 1367826840?
True
Does 15 divide 1896348105?
True
Is 497 a factor of 183698158?
True
Does 335 divide 104400070?
True
Is 127 a factor of 24368936?
False
Is 2648975 a multiple of 35?
True
Does 35 divide 693206745?
True
Does 71 divide 10801159?
True
Is 63 a factor of 1741427700?
False
Is 116 a factor of 7532808?
True
Does 2417 divide 121927982?
True
Is 143603414 a multiple of 19?
False
Is 798698340 a multiple of 7788?
True
Does 3668 divide 1766890272?
True
Does 534 divide 1082486100?
False
Does 15 divide 152700025?
False
Is 74885415 a multiple of 1825?
False
Is 16 a factor of 25217648?
True
Is 21253344 a multiple of 28?
True
Is 68039910 a multiple of 90?
True
Does 628 divide 8592296?
True
Is 5808 a factor of 333013296?
True
Does 871 divide 256455367?
False
Is 393531023 a multiple of 5?
False
Is 338 a factor of 8912046?
True
Does 3941 divide 1037217365?
False
Is 46 a factor of 4325529?
False
Is 4996220431 a multiple of 26?
False
Is 254368670 a multiple of 46?
False
Does 55 divide 8157667?
False
Does 13 divide 246829058?
False
Is 385316140 a multiple of 55?
True
Is 608 a factor of 112639944?
False
Is 1216161368 a multiple of 34?
True
Is 55 a factor of 161398435?
True
Does 283 divide 14426774?
True
Does 595 divide 557365489?
False
Is 197705692 a multiple of 531?
False
Does 309 divide 106914?
True
Is 109 a factor of 2890175548?
True
Is 634 a factor of 130220478?
False
Does 3186 divide 446956546?
False
Is 236000 a multiple of 250?
True
Does 43 divide 506665259?
True
Is 37869447 a multiple of 11?
True
Is 319033424 a multiple of 16?
True
Is 1156 a factor of 27308833?
False
Is 439919853 a multiple of 1457?
False
Is 53 a factor of 167957400?
False
Is 890365814 a multiple of 13?
True
Is 2008 a factor of 83422445?
False
Does 777 divide 90145342?
False
Is 16 a factor of 593849544?
False
Is 37 a factor of 906309584?
False
Does 54 divide 4025893590?
True
Is 2917792880 a multiple of 920?
True
Is 250 a factor of 375964750?
True
Is 16 a factor of 258656912?
True
Is 27 a factor of 105065535?
False
Is 9 a factor of 305058348?
True
Is 222 a factor of 147406890?
True
Is 2029 a factor of 142054348?
True
Is 87 a factor of 39875826?
False
Does 160 divide 108355838?
False
Is 300327853 a multiple of 401?
False
Is 954317058 a multiple of 69?
True
Is 1285838906 a multiple of 7128?
False
Is 1026200 a multiple of 700?
True
Is 68468157 a multiple of 211?
False
Does 6 divide 778019628?
True
Is 1115860 a multiple of 4?
True
Is 27 a factor of 8136733?
False
Is 11192203 a multiple of 37?
False
Does 22 divide 107881268?
True
Does 1844 divide 234800208?
True
Is 17715672 a multiple of 6?
True
Does 253 divide 1966569?
True
Is 70724583 a multiple of 207?
False
Is 59076641 a multiple of 46?
False
Is 13 a factor of 1352788310?
False
Does 419 divide 63655263?
False
Is 56 a factor of 3745896232?
False
Is 5885 a factor of 234386025?
False
Does 272 divide 63181029?
False
Is 81168265 a multiple of 23?
True
Is 1308 a factor of 94134926?
False
Does 244 divide 2897256?
True
Is 26371436 a multiple of 14?
True
Is 12 a factor of 410995544?
False
Is 317 a factor of 45996383?
True
Does 276 divide 27610130?
False
Does 2310 divide 248797525?
False
Does 2275 divide 74148598?
False
Is 43 a factor of 38092625?
True
Is 673 a factor of 591649779?
True
Does 15 divide 305312640?
True
Is 24 a factor of 39093840?
True
Does 9 divide 4472433?
True
Does 170 divide 233283481?
False
Does 20 divide 1673859989?
False
Is 2968781 even?
False
Is 71 a factor of 6119774?
True
Is 4347 a factor of 81894154?
False
Is 20731178 a multiple of 88?
False
Is 55 a factor of 31919635?
True
Is 42980902 a multiple of 14?
False
Does 25 divide 23590800?
True
Does 156 divide 1228922152?
False
Is 69561751 a multiple of 7?
True
Is 5360 a factor of 51745440?
True
Is 465636078 a multiple of 817?
True
Is 629 a factor of 56337378?
False
Is 59064224 a multiple of 117?
False
Is 226635854 a multiple of 298?
True
Does 1439 divide 30912598?
True
Does 48 divide 220410240?
True
Does 27 divide 359514242?
False
Is 343896723 a multiple of 13?
False
Is 6874 a factor of 398726996?
False
Is 4460761345 a multiple of 455?
False
Is 128151933 a multiple of 2364?
False
Is 2160701090 a multiple of 134?
True
Is 50993852 a multiple of 23?
True
Is 86875 a multiple of 5?
True
Does 160 divide 945200922?
False
Is 14815156 a multiple of 661?
False
Is 299 a factor of 3895970?
True
Is 874 a factor of 4321177486?
True
Does 109 divide 14594555?
True
Is 533890440 a multiple of 6885?
True
Is 12 a factor of 46501669?
False
Is 20717055 a multiple of 9?
True
Is 481932390 a multiple of 2940?
False
Is 19 a factor of 16808483?
True
Does 3624 divide 2564812721?
False
Does 2 divide 3560171?
False
Is 47015185 a multip